5. What is i(-11)?
41
Let o(f) = -119215*f + 6556805. Give o(55).
-20
Let c(q) = -q**3 + 7*q**2 + 10*q + 1237. Give c(14).
5
Let x(d) = 1407*d**2 - 9*d + 12. What is x(1)?
1410
Let z(y) = 13*y**2 + 12944*y - 570897. What is z(-1038)?
3
Let h(j) = 6*j**3 - 24*j**2 + 77*j - 55. Calculate h(3).
122
Let r(i) = -22715*i + 636042. Calculate r(28).
22
Let u(y) = -12*y**2 - 3919*y + 1657. What is u(-327)?
22
Let d(m) = 116*m**2 - 1892*m + 7558. What is d(7)?
-2
Let b(t) = -t**3 + 48*t**2 + 260*t + 466. Calculate b(53).
201
Let g(v) = -10*v**2 + 1612*v - 8167. What is g(156)?
-55
Let d(p) = -131*p + 5085. Give d(55).
-2120
Let k(h) = 2*h**2 + 237159*h + 474310. Calculate k(-2).
0
Let p(j) = -26364*j + 105787. Determine p(4).
331
Let y(f) = 192*f**2 - 485*f + 8. Calculate y(-4).
5020
Let t(r) = -r**3 + 34*r**2 + 81*r - 4479. Determine t(32).
161
Let l(q) = -182*q + 14852. Give l(81).
110
Let b(l) = -198*l + 3919. Give b(25).
-1031
Let f(z) = -22592*z + 22372. Determine f(1).
-220
Let y(f) = 22407*f. Determine y(0).
0
Let c(s) = 26859*s - 6607305. What is c(246)?
9
Let l(n) = 167*n**3 + 2340*n**2 + 189*n + 2258. Give l(-14).
4
Let q(y) = y**3 + 22*y**2 + 91*y - 20. Calculate q(-10).
270
Let x(d) = d**3 + 124*d**2 - 1523*d - 5117. Calculate x(-135).
13
Let k(i) = 12*i**2 - 4000*i - 41199. What is k(-10)?
1
Let l(i) = -9*i**3 + 6332*i**2 + 2825*i - 6357. What is l(704)?
-21
Let f(m) = -m**3 + 28*m**2 + 171*m - 110. Calculate f(29).
4008
Let i(k) = 35*k**2 + 11*k + 241. Calculate i(8).
2569
Let r(h) = -36646*h + 476405. Give r(13).
7
Let p(c) = 23155*c - 10118732. Calculate p(437).
3
Let x(a) = -a**3 + 77*a**2 + 215*a - 22049. Determine x(76).
67
Let a(x) = -x**2 + 179*x + 6774. What is a(211)?
22
Let w(v) = -1389*v + 52795. Calculate w(38).
13
Let q(x) = -10945*x - 54688. Calculate q(-5).
37
Let g(b) = 2119*b + 10668. Give g(-5).
73
Let t(u) = -3223*u + 54648. Calculate t(18).
-3366
Let t(i) = -11*i**3 - 2*i**2 + 103*i + 382. What is t(-5)?
1192
Let z(h) = -312*h - 31463. Give z(-100).
-263
Let l(k) = -1038*k + 95533. What is l(92)?
37
Let k(v) = 39998*v - 839963. Calculate k(21).
-5
Let a(f) = -f**3 + 25*f**2 + 33*f - 1147. Determine a(23).
670
Let q(v) = -12*v**2 - 1402*v + 55362. Determine q(-148).
10
Let r(v) = 76*v**2 + 1275*v - 3820. Give r(3).
689
Let x(j) = j**3 + 69*j**2 - 217*j + 256. What is x(-72)?
328
Let g(r) = -306*r + 25837. What is g(84)?
133
Let u(y) = 12951*y + 453220. Give u(-35).
-65
Let f(c) = 3*c**2 - 259*c - 196. Give f(87).
-22
Let k(b) = -3316*b + 819177. Calculate k(247).
125
Let c(k) = 909*k**2 - 74514*k - 1971. What is c(82)?
-3
Let i(a) = -6*a**3 - 3*a**2 - 42*a - 80. Determine i(-6).
1360
Let x(s) = -3*s**3 + s**2 + 10078*s + 20135. Give x(-2).
7
Let t(y) = 12756*y - 141586. Give t(11).
-1270
Let w(i) = -985*i + 49267. Give w(50).
17
Let x(p) = -58*p**2 + 449*p + 122. Determine x(8).
2
Let q(k) = 157*k + 940. What is q(-8)?
-316
Let r(t) = -13*t**3 + 12*t**2 + 20*t + 4. Calculate r(-2).
116
Let n(h) = h**3 - 186*h**2 - 7413*h - 14736. Calculate n(220).
4
Let f(c) = 3*c**2 - 9503*c - 38000. What is f(-4)?
60
Let u(z) = -500*z + 8003. Determine u(16).
3
Let r(c) = 4762*c - 1628513. What is r(342)?
91
Let a(n) = -88*n**2 - 11225*n - 6230. Determine a(-127).
-7
Let u(i) = 36*i + 9208. What is u(-256)?
-8
Let w(p) = -2*p**3 + 8*p**2 + 17*p + 144. Give w(-9).
2097
Let l(p) = -139*p**2 + 4626*p - 1299. What is l(33)?
-12
Let m(p) = -58723*p + 351276. Calculate m(6).
-1062
Let v(z) = -427*z**2 + 946*z + 946. Give v(-1).
-427
Let a(s) = -s**3 - 36*s**2 + 117*s + 3068. Determine a(-37).
108
Let q(d) = 1730*d**2 + 10390*d + 34. Determine q(-6).
-26
Let b(j) = -15*j**2 + 890*j - 177. Calculate b(0).
-177
Let t(p) = 21*p**2 - 264*p - 8. Determine t(6).
-836
Let l(a) = 259*a**2 + 3630*a + 15. Determine l(-14).
-41
Let t(i) = 3*i**2 + 57918*i + 173743. What is t(-3)?
16
Let d(b) = -135138*b + 1216239. What is d(9)?
-3
Let k(c) = 1109*c - 103137. Give k(93).
0
Let z(t) = -t**3 + 48*t**2 + 1595*t + 1205. Calculate z(-22).
-5
Let g(b) = -b**3 - 258*b**2 + 2140*b + 3176. Calculate g(-266).
-16
Let t(v) = v**3 - 6*v**2 - 5509*v + 27618. Give t(5).
48
Let d(n) = -18*n + 3223. Determine d(103).
1369
Let n(b) = -491*b + 54921. What is n(112)?
-71
Let a(l) = 4564*l + 725669. Calculate a(-159).
-7
Let b(n) = 124*n + 1608. Determine b(-11).
244
Let x(r) = 58*r**2 - 5501*r - 865. Give x(95).
-10
Let i(k) = 2043*k**3 - 43*k**2 + 50*k - 6. Give i(1).
2044
Let o(w) = 4143*w - 1222177. Give o(295).
8
Let j(n) = 10379*n + 6154745. What is j(-593)?
-2
Let k(z) = 15795*z + 537050. Give k(-34).
20
Let r(y) = -3501*y - 826198. Determine r(-236).
38
Let y(k) = -2*k**3 - 285*k**2 - 132*k + 1396. Give y(-142).
-24
Let z(j) = 1099*j + 446780. What is z(-406)?
586
Let z(f) = 21*f**2 + 376*f + 2515. Give z(-10).
855
Let g(f) = -f**2 + 164*f + 10973. What is g(215)?
8
Let r(v) = 3*v**3 - 5*v**2 - 5*v - 21. Calculate r(-5).
-496
Let l(k) = -k**2 + 2279*k + 36525. Determine l(-16).
-195
Let o(v) = -39783*v - 3381554. Calculate o(-85).
1
Let l(p) = -5*p**2 - 515*p - 727. Calculate l(-100).
773
Let n(f) = -643*f + 25494. What is n(54)?
-9228
Let a(z) = -8147*z - 2989946. Determine a(-367).
3
Let z(f) = 1352*f**3 + 2705*f**2 - 27*f - 36. Give z(-2).
22
Let c(o) = o**3 - 105*o**2 - 1240*o + 109800. Calculate c(107).
18
Let i(y) = y**2 + 63312*y - 2026939. Calculate i(32).
69
Let r(b) = -347*b - 7473. What is r(-26)?
1549
Let u(p) = 668742*p - 30093384. Give u(45).
6
Let r(m) = -4990*m - 79473. Calculate r(-16).
367
Let h(c) = c**2 + 1047*c + 118431. What is h(-129)?
9
Let a(s) = -35*s**3 - 344*s**2 - 10*s - 442. What is a(-10)?
258
Let h(b) = -7003*b + 147056. What is h(21)?
-7
Let g(m) = -m**3 - 428*m**2 - 2529*m + 896. Give g(-422).
-370
Let u(n) = 1797*n + 274945. Give u(-153).
4
Let i(v) = 50*v + 1548. What is i(-30)?
48
Let x(r) = 29359*r + 205516. Calculate x(-7).
3
Let a(s) = -311*s**2 + 72*s + 128. Calculate a(-2).
-1260
Let s(f) = -191*f**2 + 9930*f + 54. Give s(52).
-50
Let x(g) = g**3 - 20*g**2 + 50*g + 126. What is x(12)?
-426
Let d(v) = 16*v**3 + 3857*v**2 + 3841*v - 16. Determine d(-1).
-16
Let a(x) = -14*x**3 + 6600*x**2 + 3779*x - 1416. What is a(472)?
0
Let r(o) = 5827*o**2 - 64092*o + 66. Determine r(11).
121
Let n(i) = -i**3 + 31*i**2 - 2795*i + 90534. What is n(32)?
70
Let p(n) = 6979*n + 92740. Determine p(-13).
2013
Let q(c) = c**2 - 32289*c - 1552175. What is q(-48)?
1
Let g(n) = n**3 - 18*n**2 + 16*n + 1. Give g(15).
-434
Let b(a) = -38*a**2 - 418*a - 1614. Determine b(-4).
-550
Let y(h) = -41463*h + 124414. Determine y(3).
25
Let g(k) = -23*k**2 - 1745*k + 7603. Determine g(-80).
3
Let v(t) = -401*t - 15082. Calculate v(-37).
-245
Let j(l) = 60*l**2 + 3029*l - 3029. Calculate j(1).
60
Let j(n) = -21325*n - 21336. Determine j(-1).
-11
Let p(g) = g**2 + 5481*g - 54917. Calculate p(10).
-7
Let q(d) = -6469*d + 297565. What is q(46)?
-9
Let s(n) = -2*n**2 + 1880*n + 592122. Calculate s(-249).
0
Let z(o) = 4*o**3 + 142*o**2 - 79*o - 85. Give z(-36).
167
Let t(v) = -55*v**3 - 283*v**2 - 23*v + 119. Determine t(-5).
34
Let v(n) = -683*n + 16676. What is v(24)?
284
Let z(q) = -q**3 - 49*q**2 + 15801*q - 17007. Determine z(-153).
-24
Let k(b) = -25*b**2 + 3320*b + 600. Calculate k(133).
-65
Let p(q) = q**2 + 155297*q + 776455. Calculate p(-5).
-5
Let q(s) = 254*s**2 + 20318*s - 119. Give q(-80).
41
Let y(r) = r**2 - 5025*r + 34902. What is y(7)?
-224
Let r(d) = 434*d - 19570. Calculate r(50).
2130
Let k(q) = -5*q + 522. Calculate k(28).
382
Let n(w) = -153*w**2 - 674*w - 17. What is n(-3)?
628
Let n(t) = 24*t**3 - 169*t**2 + 11*t - 30. Give n(7).
-2
Let d(f) = -f**3 - 192*f**2 - 2149*f - 492180. What is d(-194)?
-2
Let t(r) = -46397*r + 927935. Give t(20).
-5
Let u(k) = -k**3 + 59*k**2 - 157*k - 1000. Give u(56).
-384
Let p(u) = u**2 + 628*u + 30745. Give p(-52).
793
Let b(x) = 4073*x - 12789. What is b(2)?
-4643
Let i(q) = 1994*q - 48855. Calculate i(24).
-999
Let i(p) = p**3 + 67*p**2 - 626*p + 31. What is i(8)?
-177
Let o(f) = -f**3 + 111*f**2 + 827*f - 1331. Give o(118).
-1213
Let q(m) = m**3 - 18*m**2 + 17*m - 93. Calculate q(17).
-93
Let s(y) = -225972*y + 20789443. Give s(92).
19
Let t(l) = 3*l**2 + 717*l + 5518. What is t(-231)?
-26
Let s(m) = -